{"id":927,"date":"2024-08-02T09:29:47","date_gmt":"2024-08-02T15:29:47","guid":{"rendered":"https:\/\/www.difcorregidora.gob.mx\/new\/?page_id=927"},"modified":"2025-01-16T11:31:37","modified_gmt":"2025-01-16T17:31:37","slug":"fraccxlviiinformacion1-2024","status":"publish","type":"page","link":"https:\/\/difcorregidora.gob.mx\/new\/fraccxlviiinformacion1-2024\/","title":{"rendered":"FraccXLVIIinformaci\u00f3n1-2024"},"content":{"rendered":"\n<div style=\"height:100px\" aria-hidden=\"true\" class=\"wp-block-spacer\"><\/div>\n\n\n\n<hr class=\"wp-block-separator has-alpha-channel-opacity\"\/>\n\n\n\n<div style=\"height:51px\" aria-hidden=\"true\" class=\"wp-block-spacer\"><\/div>\n\n\n\n<h6 class=\"wp-block-heading has-text-align-center\">Fracc. XLVII &#8211; Cualquier otra informaci\u00f3n de utilidad<\/h6>\n\n\n\n<div class=\"wp-block-buttons is-vertical is-content-justification-center is-layout-flex wp-container-core-buttons-is-layout-ce155fab wp-block-buttons-is-layout-flex\">\n<div class=\"wp-block-button\"><a class=\"wp-block-button__link has-white-color has-ast-global-color-0-background-color has-text-color has-background has-link-color wp-element-button\" href=\"https:\/\/difcorregidora.gob.mx\/archivos\/2024\/transparencia\/art66\/1T\/XLVII\/a\/LTAIPEQArt66FraccXLVIIA.xlsx\" target=\"_blank\" rel=\"noreferrer noopener\">Informaci\u00f3n de inter\u00e9s p\u00fablico<\/a><\/div>\n\n\n\n<div class=\"wp-block-button\"><a class=\"wp-block-button__link has-white-color has-ast-global-color-0-background-color has-text-color has-background has-link-color wp-element-button\" href=\"https:\/\/difcorregidora.gob.mx\/archivos\/2024\/transparencia\/art66\/1T\/XLVII\/b\/LTAIPEQArt66FraccXLVIIB.xlsx\" target=\"_blank\" rel=\"noreferrer noopener\">Preguntas frecuentes<\/a><\/div>\n\n\n\n<div class=\"wp-block-button\"><a class=\"wp-block-button__link has-white-color has-ast-global-color-0-background-color has-text-color has-background has-link-color wp-element-button\" href=\"https:\/\/difcorregidora.gob.mx\/archivos\/2024\/transparencia\/art66\/1T\/XLVII\/c\/LTAIPEQArt66FraccXLVIIC.xlsx\" target=\"_blank\" rel=\"noreferrer noopener\">Transparencia proactiva<\/a><\/div>\n<\/div>\n\n\n\n<hr class=\"wp-block-separator has-alpha-channel-opacity\"\/>\n\n\n\n<p><\/p>\n","protected":false},"excerpt":{"rendered":"<p>Fracc. XLVII &#8211; Cualquier otra informaci\u00f3n de utilidad<\/p>\n","protected":false},"author":1,"featured_media":0,"parent":0,"menu_order":0,"comment_status":"closed","ping_status":"closed","template":"","meta":{"footnotes":""},"class_list":["post-927","page","type-page","status-publish","hentry"],"_links":{"self":[{"href":"https:\/\/difcorregidora.gob.mx\/new\/wp-json\/wp\/v2\/pages\/927","targetHints":{"allow":["GET"]}}],"collection":[{"href":"https:\/\/difcorregidora.gob.mx\/new\/wp-json\/wp\/v2\/pages"}],"about":[{"href":"https:\/\/difcorregidora.gob.mx\/new\/wp-json\/wp\/v2\/types\/page"}],"author":[{"embeddable":true,"href":"https:\/\/difcorregidora.gob.mx\/new\/wp-json\/wp\/v2\/users\/1"}],"replies":[{"embeddable":true,"href":"https:\/\/difcorregidora.gob.mx\/new\/wp-json\/wp\/v2\/comments?post=927"}],"version-history":[{"count":4,"href":"https:\/\/difcorregidora.gob.mx\/new\/wp-json\/wp\/v2\/pages\/927\/revisions"}],"predecessor-version":[{"id":1477,"href":"https:\/\/difcorregidora.gob.mx\/new\/wp-json\/wp\/v2\/pages\/927\/revisions\/1477"}],"wp:attachment":[{"href":"https:\/\/difcorregidora.gob.mx\/new\/wp-json\/wp\/v2\/media?parent=927"}],"curies":[{"name":"wp","href":"https:\/\/api.w.org\/{rel}","templated":true}]}}